Is 71 a factor of 741?
False
Is 4480 a multiple of 21?
False
Does 3 divide 21516?
True
Is 22 a factor of 704?
True
Is 34831 a multiple of 61?
True
Is 45 a factor of 164?
False
Is 15 a factor of 480?
True
Does 14 divide 54?
False
Is 19709 a multiple of 33?
False
Does 108 divide 37555?
False
Does 5 divide 16?
False
Does 33 divide 9378?
False
Is 29 a factor of 1102?
True
Is 12 a factor of 63912?
True
Is 2458 a multiple of 4?
False
Is 72 a factor of 1837?
False
Is 14 a factor of 756?
True
Is 5861 a multiple of 50?
False
Is 10464 a multiple of 48?
True
Is 6 a factor of 30966?
True
Does 24 divide 3053?
False
Is 40 a factor of 10240?
True
Is 1884 a multiple of 157?
True
Does 93 divide 10137?
True
Does 5 divide 3205?
True
Does 58 divide 6438?
True
Is 9 a factor of 6092?
False
Is 24443 a multiple of 13?
False
Is 1008 a multiple of 6?
True
Is 605 a multiple of 23?
False
Is 6685 a multiple of 148?
False
Is 12411 a multiple of 21?
True
Is 39 a factor of 2067?
True
Is 126 a multiple of 7?
True
Is 5187 a multiple of 21?
True
Is 18 a factor of 2286?
True
Is 3123 a multiple of 8?
False
Is 186 a multiple of 31?
True
Is 639 a multiple of 25?
False
Does 30 divide 11123?
False
Is 1273 a multiple of 69?
False
Is 5687 a multiple of 47?
True
Does 10 divide 1313?
False
Is 23 a factor of 867?
False
Is 154 a multiple of 14?
True
Is 2700 a multiple of 15?
True
Is 17 a factor of 19439?
False
Is 4923 a multiple of 11?
False
Is 6 a factor of 366?
True
Does 39 divide 6379?
False
Is 1074 a multiple of 7?
False
Is 13688 a multiple of 58?
True
Is 15 a factor of 27487?
False
Does 11 divide 19056?
False
Does 97 divide 9700?
True
Is 49 a factor of 19698?
True
Does 34 divide 18804?
False
Is 120 a factor of 1123?
False
Is 136 a factor of 4216?
True
Is 79 a factor of 46136?
True
Is 5565 a multiple of 15?
True
Is 16 a factor of 8160?
True
Does 16 divide 816?
True
Does 7 divide 140?
True
Is 36 a multiple of 12?
True
Is 247 a factor of 40755?
True
Is 128 a multiple of 16?
True
Is 3 a factor of 3463?
False
Does 4 divide 558?
False
Does 217 divide 48865?
False
Does 14 divide 4912?
False
Is 149 a factor of 15007?
False
Does 118 divide 179?
False
Is 111 a factor of 1391?
False
Is 1548 a multiple of 12?
True
Is 27855 a multiple of 46?
False
Is 63 a factor of 8368?
False
Is 34 a factor of 9170?
False
Is 848 a multiple of 8?
True
Is 11718 a multiple of 27?
True
Is 18039 a multiple of 139?
False
Is 24 a factor of 34392?
True
Does 9 divide 183?
False
Does 172 divide 7568?
True
Does 70 divide 3500?
True
Does 9 divide 24723?
True
Does 5 divide 112?
False
Does 2 divide 162?
True
Does 15 divide 426?
False
Is 16530 a multiple of 87?
True
Is 31 a factor of 360?
False
Is 170 a factor of 5100?
True
Is 25276 a multiple of 10?
False
Is 189 a multiple of 9?
True
Is 47 a factor of 38290?
False
Is 119 a factor of 17153?
False
Is 3682 a multiple of 10?
False
Is 11 a factor of 3824?
False
Is 11 a factor of 352?
True
Is 61 a factor of 610?
True
Is 6 a factor of 437?
False
Does 15 divide 51958?
False
Is 2827 a multiple of 32?
False
Is 37183 a multiple of 130?
False
Is 5070 a multiple of 31?
False
Does 51 divide 34817?
False
Does 18 divide 19980?
True
Does 218 divide 20056?
True
Is 768 a multiple of 15?
False
Is 2 a factor of 1402?
True
Is 191 a factor of 18336?
True
Is 3078 a multiple of 13?
False
Is 15 a factor of 210?
True
Does 32 divide 5845?
False
Is 54 a factor of 4524?
False
Is 24 a factor of 12528?
True
Is 64410 a multiple of 33?
False
Is 2 a factor of 2483?
False
Does 50 divide 61150?
True
Is 6 a factor of 615?
False
Does 51 divide 7514?
False
Is 235 a multiple of 5?
True
Is 712 a multiple of 11?
False
Is 33 a factor of 49?
False
Is 84012 a multiple of 138?
False
Is 221 a multiple of 3?
False
Is 2664 a multiple of 86?
False
Is 89284 a multiple of 442?
True
Is 32 a factor of 1941?
False
Does 19 divide 709?
False
Is 1260 a multiple of 14?
True
Is 374 a multiple of 22?
True
Does 14 divide 33890?
False
Is 1908 a multiple of 12?
True
Does 26 divide 1846?
True
Is 1188 a multiple of 110?
False
Is 60 a factor of 399?
False
Is 102 a factor of 3211?
False
Is 51 a factor of 561?
True
Does 25 divide 294?
False
Does 14 divide 1050?
True
Is 23 a factor of 207?
True
Does 14 divide 211?
False
Is 3567 a multiple of 15?
False
Does 26 divide 37852?
False
Is 144 a factor of 2620?
False
Is 3 a factor of 261?
True
Is 25 a factor of 17807?
False
Is 5 a factor of 6515?
True
Is 18797 a multiple of 12?
False
Is 2644 a multiple of 133?
False
Does 32 divide 23616?
True
Is 40 a factor of 3624?
False
Does 42 divide 6797?
False
Is 5253 a multiple of 13?
False
Does 13 divide 1599?
True
Is 113 a factor of 8994?
False
Is 4 a factor of 6397?
False
Does 3 divide 2127?
True
Is 318 a factor of 40100?
False
Does 11 divide 3446?
False
Is 564 a multiple of 12?
True
Is 15 a factor of 34544?
False
Does 77 divide 4416?
False
Is 177 a multiple of 59?
True
Is 9 a factor of 2914?
False
Is 1422 a multiple of 11?
False
Does 44 divide 2596?
True
Does 95 divide 1995?
True
Is 3 a factor of 10274?
False
Is 60 a factor of 73?
False
Is 3987 a multiple of 48?
False
Is 12696 a multiple of 46?
True
Is 56604 a multiple of 241?
False
Is 14 a factor of 2016?
True
Is 16 a factor of 3904?
True
Is 15 a factor of 2475?
True
Is 6 a factor of 240?
True
Is 12144 a multiple of 92?
True
Is 272 a multiple of 34?
True
Is 2376 a multiple of 33?
True
Does 107 divide 17488?
False
Is 107 a factor of 83815?
False
Is 33 a factor of 967?
False
Is 87 a factor of 1914?
True
Does 21 divide 336?
True
Is 4041 a multiple of 36?
False
Does 12 divide 26028?
True
Is 1806 a multiple of 7?
True
Does 5 divide 244?
False
Is 145 a factor of 11745?
True
Is 5 a factor of 428?
False
Is 16762 a multiple of 33?
False
Does 32 divide 4128?
True
Is 132 a factor of 2560?
False
Does 17 divide 17340?
True
Does 113 divide 339?
True
Is 3675 a multiple of 105?
True
Does 20 divide 8520?
True
Is 11 a factor of 944?
False
Is 715 a multiple of 9?
False
Is 186 a factor of 10485?
False
Is 562 a multiple of 63?
False
Is 144 a multiple of 16?
True
Is 58800 a multiple of 21?
True
Does 72 divide 1374?
False
Is 1177 a multiple of 8?
False
Is 491 a multiple of 72?
False
Does 11 divide 6372?
False
Is 9 a factor of 32346?
True
Is 18 a factor of 3132?
True
Is 205 a factor of 12505?
True
Is 392 a factor of 107186?
False
Is 153 a multiple of 4?
False
Is 54 a factor of 6102?
True
Is 32 a factor of 9102?
False
Is 13 a factor of 70957?
False
Is 414 a multiple of 44?
False
Is 31 a factor of 713?
True
Does 16 divide 2864?
True
Does 43 divide 4343?
True
Is 61 a factor of 693?
False
Is 113 a factor of 5876?
True
Is 330 a multiple of 3?
True
Is 4154 a multiple of 21?
False
Is 6 a factor of 10512?
True
Is 4 a factor of 277?
False
Is 995 a multiple of 23?
False
Is 360 a multiple of 18?
True
Does 48 divide 275?
False
Does 13 divide 17566?
False
Is 142 a factor of 6416?
False
Is 10832 a multiple of 13?
False
Is 1654 a multiple of 17?
False
Is 51 a factor of 51357?
True
Is 3144 a multiple of 4?
True
Is 27 a factor of 1593?
True
Does 62 divide 682?
True
Is 8 a factor of 1248?
True
Is 46 a factor of 1689?
False
Does 193 divide 5983?
True
Does 28 divide 643?
False
Does 10 divide 775?
False
Is 269 a factor of 107331?
True
Is 7265 a multiple of 80?
False
Is 9024 a multiple of 16?
True
Is 5 a factor of 600?
True
Does 202 divide 27548?
False
Is 2984 a multiple of 13?
False
Is 19139 a multiple of 17?
False
Is 108 a multiple of 6?
True
Is 6180 a multiple of 60?
True
Is 369 a multiple of 3?
True
Is 8 a factor of 30488?
True
Is 13984 a multiple of 92?
True
Is 2923 a multiple of 17?
False
Does 2 divide 48?
True
Is 11 a factor of 34881?
True
Is 44 a factor of 1012?
True
Is 713 a multiple of 23?
True
Does 154 divide 24640?
True
Is 247 a factor of 42368?
False
Does 90 divide 1980?
True
Is 12 a factor of 638?
False
Does 11 divide 3227?
False
Is 139 a factor of 7089?
True
Does 10 divide 3428?
False
Is 14 a multiple of 14?
True
Is 3152 a multiple of 8?
True
Is 78374 a multiple of 149?
True
Is 14651 a multiple of 111?
False
Is 132470 a multiple of 26?
True
Is 3157 a multiple of 41?
True
Is 46 a factor of 12650?
True
Is 42 a factor of 5544?
True
Is 97 a factor of 1746?
True
Is 7117 a multiple of 6?
False
Does 7 divide 1667?
False
Is 41445 a multiple of